{"id":1795,"date":"2024-06-12T15:25:15","date_gmt":"2024-06-12T13:25:15","guid":{"rendered":"https:\/\/www.convert.ba\/?post_type=product&amp;p=1795"},"modified":"2024-06-12T15:25:15","modified_gmt":"2024-06-12T13:25:15","slug":"zar-grill-1-l","status":"publish","type":"product","link":"https:\/\/convert.ba\/index.php\/product\/zar-grill-1-l\/","title":{"rendered":"\u017dar Grill 1 L"},"content":{"rendered":"<p>odma\u0161\u0107iva\u010d<\/p>\n","protected":false},"excerpt":{"rendered":"<p>odma\u0161\u0107iva\u010d<\/p>\n","protected":false},"featured_media":2879,"comment_status":"open","ping_status":"closed","template":"","meta":{"_acf_changed":false},"product_brand":[],"product_cat":[26,25],"product_tag":[],"class_list":{"0":"post-1795","1":"product","2":"type-product","3":"status-publish","4":"has-post-thumbnail","6":"product_cat-profesionalna-sredstva-kimi","7":"product_cat-hemijska-sredstva-za-ciscenje","9":"first","10":"instock","11":"shipping-taxable","12":"product-type-simple"},"acf":[],"_links":{"self":[{"href":"https:\/\/convert.ba\/index.php\/wp-json\/wp\/v2\/product\/1795","targetHints":{"allow":["GET"]}}],"collection":[{"href":"https:\/\/convert.ba\/index.php\/wp-json\/wp\/v2\/product"}],"about":[{"href":"https:\/\/convert.ba\/index.php\/wp-json\/wp\/v2\/types\/product"}],"replies":[{"embeddable":true,"href":"https:\/\/convert.ba\/index.php\/wp-json\/wp\/v2\/comments?post=1795"}],"wp:featuredmedia":[{"embeddable":true,"href":"https:\/\/convert.ba\/index.php\/wp-json\/wp\/v2\/media\/2879"}],"wp:attachment":[{"href":"https:\/\/convert.ba\/index.php\/wp-json\/wp\/v2\/media?parent=1795"}],"wp:term":[{"taxonomy":"product_brand","embeddable":true,"href":"https:\/\/convert.ba\/index.php\/wp-json\/wp\/v2\/product_brand?post=1795"},{"taxonomy":"product_cat","embeddable":true,"href":"https:\/\/convert.ba\/index.php\/wp-json\/wp\/v2\/product_cat?post=1795"},{"taxonomy":"product_tag","embeddable":true,"href":"https:\/\/convert.ba\/index.php\/wp-json\/wp\/v2\/product_tag?post=1795"}],"curies":[{"name":"wp","href":"https:\/\/api.w.org\/{rel}","templated":true}]}}